{"id":3680,"date":"2025-11-14T14:15:37","date_gmt":"2025-11-14T13:15:37","guid":{"rendered":"https:\/\/www.hvk-bo.de\/hvk_neu\/?page_id=3680"},"modified":"2025-11-14T14:15:37","modified_gmt":"2025-11-14T13:15:37","slug":"speedcoaching","status":"publish","type":"page","link":"https:\/\/www.hvk-bo.de\/hvk_neu\/speedcoaching\/","title":{"rendered":"Speedcoaching"},"content":{"rendered":"\n<div class=\"wp-block-uagb-container uagb-block-913895e9 alignfull uagb-is-root-container\"><div class=\"uagb-container-inner-blocks-wrap\">\n<p><strong>Coaching im Speedformat &#8211; ein Unterst\u00fctzungsangebot f\u00fcr unsere Sch\u00fclerinnen und Sch\u00fcler<\/strong><br><br>Liebe Sch\u00fclerinnen und Sch\u00fcler, liebe Eltern,<br>Lerncoaching als Unterst\u00fctzungsangebot im schulischen Alltag ist den Sch\u00fclerinnen und Sch\u00fclern und auch den Eltern bereits bekannt. Im Lerncoaching werden unsere Sch\u00fclerinnen und Sch\u00fcler \u00fcber mehrere Wochen von einem Coach begleitet und unterst\u00fctzt, um das Lernen und die Herausforderungen der Schule besser zu meistern.<br>Manchmal bedarf es allerdings nur einer kleinen Unterst\u00fctzung, eines gezielten Impulses, der Kl\u00e4rung einer wichtigen Frage, um den sicheren (Lern-) Weg (wieder) zu finden. Hier setzt unser Angebot \u201eSpeedcoaching\u201c an.<br>Dabei geht es im Coaching generell nicht um fachliche Inhalte, sondern um Fragen zum Lernen allgemein, z.B.: Wie kann ich besser lernen? Wie gehe ich mit Motivationskillern um? Wie bekomme ich meine Angst vor der n\u00e4chsten Arbeit in den Griff? Und, und, und\u2026<br><br><strong>Was genau ist Speedcoaching?<br><\/strong>Speedcoaching ist eine Form des Coachings mit einer klaren zeitlichen Begrenzung auf (in der Regel) <strong>eine Sitzung von ca. 30 Minuten<\/strong>. Durch das zeitlich betrachtet \u201ekleine&#8220; Coachingformat ergibt sich automatisch eine pragmatische und l\u00f6sungsorientierte Vorgehensweise. Dadurch kann dieses Format besonders effektiv sein.<br><br><strong>Wie kann ich Speedcoaching nutzen?<br><\/strong>Das Coaching wird ganz einfach per Mail beim Coach direkt gebucht. Das Gespr\u00e4ch wird als Videobesprechung \u00fcber Teams in einem Zeitfenster gef\u00fchrt, das zwischen Coach und Coachee (Sch\u00fclerin\/Sch\u00fcler) abgesprochen wird. Allerdings: Wenn weg, dann weg, d.h. sind die Termine ausgebucht, muss man versuchen sich bei einem anderen Coach anzumelden oder es eine Woche sp\u00e4ter nochmals probieren.<br>Es sollte sichergestellt sein, dass der Coachee (Sch\u00fclerinnen und Sch\u00fcler) das Coachinggespr\u00e4ch allein und in ruhiger Umgebung f\u00fchren kann. Wenn dies von zuhause aus nicht m\u00f6glich ist, sprechen Sie uns bitte an, damit wir eine L\u00f6sung finden k\u00f6nnen.<br><br>Bei folgenden Coaches k\u00f6nnen die jeweils halbst\u00fcndigen Termine angefragt werden:<br><a href=\"mailto:k.brandt@hvk-bochum.de\" target=\"_blank\" rel=\"noreferrer noopener\">k.brandt@hvk-bochum.de<\/a><br><a href=\"mailto:s.hees@hvk-bochum.de\">s.hees@hvk-<\/a><a href=\"mailto:s.hees@hvk-bochum.de\" target=\"_blank\" rel=\"noreferrer noopener\">bochum<\/a><a href=\"mailto:s.hees@hvk-bochum.de\">.de<\/a><br><a href=\"mailto:a.leithe@hvk-bochum.de\" target=\"_blank\" rel=\"noreferrer noopener\">a.leithe@hvk-bochum.de<\/a><br><a href=\"mailto:s.netz@hvk-bochum.de\" target=\"_blank\" rel=\"noreferrer noopener\">s.netz@hvk-bochum.de<\/a><br><a href=\"mailto:p.thiele@hvk-bochum.de\" target=\"_blank\" rel=\"noreferrer noopener\">p.thiele@hvk-bochum.de<\/a><br><a href=\"mailto:g.longree@hvk-bochum.de\" target=\"_blank\" rel=\"noreferrer noopener\">g.longree@hvk-bochum.de<\/a> <br><br>Sollten Sie noch Fragen haben, k\u00f6nnen Sie sich gern an uns als Leitung des Lerncoaching-Teams wenden.<br>Beste Gr\u00fc\u00dfe<br>Stefan Hees und Astrid Leithe<\/p>\n<\/div><\/div>\n","protected":false},"excerpt":{"rendered":"<p>Coaching im Speedformat &#8211; ein Unterst\u00fctzungsangebot f\u00fcr unsere Sch\u00fclerinnen und Sch\u00fcler Liebe Sch\u00fclerinnen und Sch\u00fcler, liebe Eltern,Lerncoaching als Unterst\u00fctzungsangebot im [&hellip;]<\/p>\n","protected":false},"author":4,"featured_media":0,"parent":0,"menu_order":0,"comment_status":"closed","ping_status":"closed","template":"","meta":{"_uag_custom_page_level_css":"","site-sidebar-layout":"default","site-content-layout":"","ast-site-content-layout":"default","site-content-style":"default","site-sidebar-style":"default","ast-global-header-display":"","ast-banner-title-visibility":"","ast-main-header-display":"","ast-hfb-above-header-display":"","ast-hfb-below-header-display":"","ast-hfb-mobile-header-display":"","site-post-title":"","ast-breadcrumbs-content":"","ast-featured-img":"","footer-sml-layout":"","ast-disable-related-posts":"","theme-transparent-header-meta":"","adv-header-id-meta":"","stick-header-meta":"","header-above-stick-meta":"","header-main-stick-meta":"","header-below-stick-meta":"","astra-migrate-meta-layouts":"default","ast-page-background-enabled":"default","ast-page-background-meta":{"desktop":{"background-color":"var(--ast-global-color-4)","background-image":"","background-repeat":"repeat","background-position":"center center","background-size":"auto","background-attachment":"scroll","background-type":"","background-media":"","overlay-type":"","overlay-color":"","overlay-opacity":"","overlay-gradient":""},"tablet":{"background-color":"","background-image":"","background-repeat":"repeat","background-position":"center center","background-size":"auto","background-attachment":"scroll","background-type":"","background-media":"","overlay-type":"","overlay-color":"","overlay-opacity":"","overlay-gradient":""},"mobile":{"background-color":"","background-image":"","background-repeat":"repeat","background-position":"center center","background-size":"auto","background-attachment":"scroll","background-type":"","background-media":"","overlay-type":"","overlay-color":"","overlay-opacity":"","overlay-gradient":""}},"ast-content-background-meta":{"desktop":{"background-color":"var(--ast-global-color-5)","background-image":"","background-repeat":"repeat","background-position":"center center","background-size":"auto","background-attachment":"scroll","background-type":"","background-media":"","overlay-type":"","overlay-color":"","overlay-opacity":"","overlay-gradient":""},"tablet":{"background-color":"var(--ast-global-color-5)","background-image":"","background-repeat":"repeat","background-position":"center center","background-size":"auto","background-attachment":"scroll","background-type":"","background-media":"","overlay-type":"","overlay-color":"","overlay-opacity":"","overlay-gradient":""},"mobile":{"background-color":"var(--ast-global-color-5)","background-image":"","background-repeat":"repeat","background-position":"center center","background-size":"auto","background-attachment":"scroll","background-type":"","background-media":"","overlay-type":"","overlay-color":"","overlay-opacity":"","overlay-gradient":""}},"footnotes":""},"class_list":["post-3680","page","type-page","status-publish","hentry"],"yoast_head":"<!-- This site is optimized with the Yoast SEO plugin v27.5 - https:\/\/yoast.com\/product\/yoast-seo-wordpress\/ -->\n<title>Speedcoaching - Heinrich-von-Kleist-Gymnasium<\/title>\n<meta name=\"robots\" content=\"index, follow, max-snippet:-1, max-image-preview:large, max-video-preview:-1\" \/>\n<link rel=\"canonical\" href=\"https:\/\/www.hvk-bo.de\/hvk_neu\/speedcoaching\/\" \/>\n<meta property=\"og:locale\" content=\"de_DE\" \/>\n<meta property=\"og:type\" content=\"article\" \/>\n<meta property=\"og:title\" content=\"Speedcoaching - Heinrich-von-Kleist-Gymnasium\" \/>\n<meta property=\"og:description\" content=\"Coaching im Speedformat &#8211; ein Unterst\u00fctzungsangebot f\u00fcr unsere Sch\u00fclerinnen und Sch\u00fcler Liebe Sch\u00fclerinnen und Sch\u00fcler, liebe Eltern,Lerncoaching als Unterst\u00fctzungsangebot im [&hellip;]\" \/>\n<meta property=\"og:url\" content=\"https:\/\/www.hvk-bo.de\/hvk_neu\/speedcoaching\/\" \/>\n<meta property=\"og:site_name\" content=\"Heinrich-von-Kleist-Gymnasium\" \/>\n<meta name=\"twitter:card\" content=\"summary_large_image\" \/>\n<meta name=\"twitter:label1\" content=\"Gesch\u00e4tzte Lesezeit\" \/>\n\t<meta name=\"twitter:data1\" content=\"2\u00a0Minuten\" \/>\n<script type=\"application\/ld+json\" class=\"yoast-schema-graph\">{\"@context\":\"https:\\\/\\\/schema.org\",\"@graph\":[{\"@type\":\"WebPage\",\"@id\":\"https:\\\/\\\/www.hvk-bo.de\\\/hvk_neu\\\/speedcoaching\\\/\",\"url\":\"https:\\\/\\\/www.hvk-bo.de\\\/hvk_neu\\\/speedcoaching\\\/\",\"name\":\"Speedcoaching - Heinrich-von-Kleist-Gymnasium\",\"isPartOf\":{\"@id\":\"https:\\\/\\\/www.hvk-bo.de\\\/hvk_neu\\\/#website\"},\"datePublished\":\"2025-11-14T13:15:37+00:00\",\"breadcrumb\":{\"@id\":\"https:\\\/\\\/www.hvk-bo.de\\\/hvk_neu\\\/speedcoaching\\\/#breadcrumb\"},\"inLanguage\":\"de\",\"potentialAction\":[{\"@type\":\"ReadAction\",\"target\":[\"https:\\\/\\\/www.hvk-bo.de\\\/hvk_neu\\\/speedcoaching\\\/\"]}]},{\"@type\":\"BreadcrumbList\",\"@id\":\"https:\\\/\\\/www.hvk-bo.de\\\/hvk_neu\\\/speedcoaching\\\/#breadcrumb\",\"itemListElement\":[{\"@type\":\"ListItem\",\"position\":1,\"name\":\"Startseite\",\"item\":\"https:\\\/\\\/www.hvk-bo.de\\\/hvk_neu\\\/\"},{\"@type\":\"ListItem\",\"position\":2,\"name\":\"Speedcoaching\"}]},{\"@type\":\"WebSite\",\"@id\":\"https:\\\/\\\/www.hvk-bo.de\\\/hvk_neu\\\/#website\",\"url\":\"https:\\\/\\\/www.hvk-bo.de\\\/hvk_neu\\\/\",\"name\":\"Heinrich-von-Kleist-Gymnasium\",\"description\":\"Ganztagsgymnasium\",\"publisher\":{\"@id\":\"https:\\\/\\\/www.hvk-bo.de\\\/hvk_neu\\\/#organization\"},\"alternateName\":\"HvK Bochum\",\"potentialAction\":[{\"@type\":\"SearchAction\",\"target\":{\"@type\":\"EntryPoint\",\"urlTemplate\":\"https:\\\/\\\/www.hvk-bo.de\\\/hvk_neu\\\/?s={search_term_string}\"},\"query-input\":{\"@type\":\"PropertyValueSpecification\",\"valueRequired\":true,\"valueName\":\"search_term_string\"}}],\"inLanguage\":\"de\"},{\"@type\":\"Organization\",\"@id\":\"https:\\\/\\\/www.hvk-bo.de\\\/hvk_neu\\\/#organization\",\"name\":\"Heinrich-von-Kleist-Gymnasium\",\"alternateName\":\"HvK Bochum\",\"url\":\"https:\\\/\\\/www.hvk-bo.de\\\/hvk_neu\\\/\",\"logo\":{\"@type\":\"ImageObject\",\"inLanguage\":\"de\",\"@id\":\"https:\\\/\\\/www.hvk-bo.de\\\/hvk_neu\\\/#\\\/schema\\\/logo\\\/image\\\/\",\"url\":\"https:\\\/\\\/www.hvk-bo.de\\\/hvk_neu\\\/wp-content\\\/uploads\\\/2024\\\/06\\\/HvK_Logo_klein.png\",\"contentUrl\":\"https:\\\/\\\/www.hvk-bo.de\\\/hvk_neu\\\/wp-content\\\/uploads\\\/2024\\\/06\\\/HvK_Logo_klein.png\",\"width\":512,\"height\":512,\"caption\":\"Heinrich-von-Kleist-Gymnasium\"},\"image\":{\"@id\":\"https:\\\/\\\/www.hvk-bo.de\\\/hvk_neu\\\/#\\\/schema\\\/logo\\\/image\\\/\"}}]}<\/script>\n<!-- \/ Yoast SEO plugin. -->","yoast_head_json":{"title":"Speedcoaching - Heinrich-von-Kleist-Gymnasium","robots":{"index":"index","follow":"follow","max-snippet":"max-snippet:-1","max-image-preview":"max-image-preview:large","max-video-preview":"max-video-preview:-1"},"canonical":"https:\/\/www.hvk-bo.de\/hvk_neu\/speedcoaching\/","og_locale":"de_DE","og_type":"article","og_title":"Speedcoaching - Heinrich-von-Kleist-Gymnasium","og_description":"Coaching im Speedformat &#8211; ein Unterst\u00fctzungsangebot f\u00fcr unsere Sch\u00fclerinnen und Sch\u00fcler Liebe Sch\u00fclerinnen und Sch\u00fcler, liebe Eltern,Lerncoaching als Unterst\u00fctzungsangebot im [&hellip;]","og_url":"https:\/\/www.hvk-bo.de\/hvk_neu\/speedcoaching\/","og_site_name":"Heinrich-von-Kleist-Gymnasium","twitter_card":"summary_large_image","twitter_misc":{"Gesch\u00e4tzte Lesezeit":"2\u00a0Minuten"},"schema":{"@context":"https:\/\/schema.org","@graph":[{"@type":"WebPage","@id":"https:\/\/www.hvk-bo.de\/hvk_neu\/speedcoaching\/","url":"https:\/\/www.hvk-bo.de\/hvk_neu\/speedcoaching\/","name":"Speedcoaching - Heinrich-von-Kleist-Gymnasium","isPartOf":{"@id":"https:\/\/www.hvk-bo.de\/hvk_neu\/#website"},"datePublished":"2025-11-14T13:15:37+00:00","breadcrumb":{"@id":"https:\/\/www.hvk-bo.de\/hvk_neu\/speedcoaching\/#breadcrumb"},"inLanguage":"de","potentialAction":[{"@type":"ReadAction","target":["https:\/\/www.hvk-bo.de\/hvk_neu\/speedcoaching\/"]}]},{"@type":"BreadcrumbList","@id":"https:\/\/www.hvk-bo.de\/hvk_neu\/speedcoaching\/#breadcrumb","itemListElement":[{"@type":"ListItem","position":1,"name":"Startseite","item":"https:\/\/www.hvk-bo.de\/hvk_neu\/"},{"@type":"ListItem","position":2,"name":"Speedcoaching"}]},{"@type":"WebSite","@id":"https:\/\/www.hvk-bo.de\/hvk_neu\/#website","url":"https:\/\/www.hvk-bo.de\/hvk_neu\/","name":"Heinrich-von-Kleist-Gymnasium","description":"Ganztagsgymnasium","publisher":{"@id":"https:\/\/www.hvk-bo.de\/hvk_neu\/#organization"},"alternateName":"HvK Bochum","potentialAction":[{"@type":"SearchAction","target":{"@type":"EntryPoint","urlTemplate":"https:\/\/www.hvk-bo.de\/hvk_neu\/?s={search_term_string}"},"query-input":{"@type":"PropertyValueSpecification","valueRequired":true,"valueName":"search_term_string"}}],"inLanguage":"de"},{"@type":"Organization","@id":"https:\/\/www.hvk-bo.de\/hvk_neu\/#organization","name":"Heinrich-von-Kleist-Gymnasium","alternateName":"HvK Bochum","url":"https:\/\/www.hvk-bo.de\/hvk_neu\/","logo":{"@type":"ImageObject","inLanguage":"de","@id":"https:\/\/www.hvk-bo.de\/hvk_neu\/#\/schema\/logo\/image\/","url":"https:\/\/www.hvk-bo.de\/hvk_neu\/wp-content\/uploads\/2024\/06\/HvK_Logo_klein.png","contentUrl":"https:\/\/www.hvk-bo.de\/hvk_neu\/wp-content\/uploads\/2024\/06\/HvK_Logo_klein.png","width":512,"height":512,"caption":"Heinrich-von-Kleist-Gymnasium"},"image":{"@id":"https:\/\/www.hvk-bo.de\/hvk_neu\/#\/schema\/logo\/image\/"}}]}},"uagb_featured_image_src":{"full":false,"thumbnail":false,"medium":false,"medium_large":false,"large":false,"1536x1536":false,"2048x2048":false},"uagb_author_info":{"display_name":"Michael Bra\u00df","author_link":"https:\/\/www.hvk-bo.de\/hvk_neu\/author\/m_brass\/"},"uagb_comment_info":0,"uagb_excerpt":"Coaching im Speedformat &#8211; ein Unterst\u00fctzungsangebot f\u00fcr unsere Sch\u00fclerinnen und Sch\u00fcler Liebe Sch\u00fclerinnen und Sch\u00fcler, liebe Eltern,Lerncoaching als Unterst\u00fctzungsangebot im [&hellip;]","_links":{"self":[{"href":"https:\/\/www.hvk-bo.de\/hvk_neu\/wp-json\/wp\/v2\/pages\/3680","targetHints":{"allow":["GET"]}}],"collection":[{"href":"https:\/\/www.hvk-bo.de\/hvk_neu\/wp-json\/wp\/v2\/pages"}],"about":[{"href":"https:\/\/www.hvk-bo.de\/hvk_neu\/wp-json\/wp\/v2\/types\/page"}],"author":[{"embeddable":true,"href":"https:\/\/www.hvk-bo.de\/hvk_neu\/wp-json\/wp\/v2\/users\/4"}],"replies":[{"embeddable":true,"href":"https:\/\/www.hvk-bo.de\/hvk_neu\/wp-json\/wp\/v2\/comments?post=3680"}],"version-history":[{"count":1,"href":"https:\/\/www.hvk-bo.de\/hvk_neu\/wp-json\/wp\/v2\/pages\/3680\/revisions"}],"predecessor-version":[{"id":3681,"href":"https:\/\/www.hvk-bo.de\/hvk_neu\/wp-json\/wp\/v2\/pages\/3680\/revisions\/3681"}],"wp:attachment":[{"href":"https:\/\/www.hvk-bo.de\/hvk_neu\/wp-json\/wp\/v2\/media?parent=3680"}],"curies":[{"name":"wp","href":"https:\/\/api.w.org\/{rel}","templated":true}]}}