{"id":90,"date":"2024-04-22T15:28:38","date_gmt":"2024-04-22T13:28:38","guid":{"rendered":"https:\/\/www.hvk-bo.de\/hvk_neu\/?page_id=90"},"modified":"2025-05-06T09:23:05","modified_gmt":"2025-05-06T07:23:05","slug":"impressum","status":"publish","type":"page","link":"https:\/\/www.hvk-bo.de\/hvk_neu\/impressum\/","title":{"rendered":"Impressum"},"content":{"rendered":"\n<div class=\"wp-block-uagb-container uagb-block-39db0c4a default uagb-is-root-container\">\n<div class=\"wp-block-group is-layout-constrained wp-container-core-group-is-layout-12dec168 wp-block-group-is-layout-constrained\" style=\"padding-left:20px\">\n<div class=\"wp-block-uagb-advanced-heading uagb-block-e3019863\"><h4 class=\"uagb-heading-text\">Name der Schule: <\/h4><\/div>\n\n\n\n<p style=\"padding-left:20px\">\u2028\u2028Heinrich-von-Kleist-Gymnasium<\/p>\n\n\n\n<div class=\"wp-block-uagb-advanced-heading uagb-block-1a491bef\"><h3 class=\"uagb-heading-text\">Schulleitung:\u2028\u2028 <\/h3><\/div>\n\n\n\n<p style=\"padding-left:20px\">Michael&nbsp;Bra\u00df<br>Heinrichstr. 2<br>44805 Bochum<br>Deutschland<br><br>Telefon: 0234-89125-0<br>Telefax: 0234-89125-46<br>E-Mail: sekretariat@hvk-bochum.de<\/p>\n\n\n\n<div class=\"wp-block-uagb-advanced-heading uagb-block-8607daa6\"><h3 class=\"uagb-heading-text\">1. Diensteanbieter im Sinne des <strong>\u00a7 18 Abs. 2 Medienstaatsvertrag (MStV.) und \u00a7\u00a7 5 und 6 Digitale Dienste Gesetz (DDG)<\/strong> ist der Schultr\u00e4ger:\u2028\u2028<\/h3><\/div>\n\n\n\n<p style=\"padding-left:20px\">Stadt Bochum\u2028<br>&#8211; Der Oberb\u00fcrgermeister &#8211; <br>Schulverwaltungsamt\u2028<br>Junggesellenstr. 8\u20284<br>44787 Bochum<br>Deutschland\u2028<br><br>Telefon: 0234 910-3863\u2028<br>Fax: 0234 910-1436\u2028<br>E-Mail: amt40@bochum.de<\/p>\n\n\n\n<div class=\"wp-block-uagb-advanced-heading uagb-block-fcc7c259\"><h3 class=\"uagb-heading-text\">2. Verantwortlich f\u00fcr die Schulzeitung i.S.v.&nbsp;\u00a7&nbsp;18&nbsp;Abs.&nbsp;2MStV:<\/h3><\/div>\n\n\n\n<p style=\"padding-left:20px\">Michael&nbsp;Bra\u00df&nbsp;(Schulleiter)<br>Heinrich-von-Kleist-Gymnasium<br>Heinrichstr. 2<br>44805 Bochum<br>Deutschland<br><br>Telefon: 0234-89125-0<br>Telefax: 0234-89125-46<br>E-Mail: sekretariat@hvk-bochum.de<\/p>\n\n\n\n<div class=\"wp-block-uagb-advanced-heading uagb-block-65221bba\"><h3 class=\"uagb-heading-text\">Technische und grafische Gestaltung<\/h3><\/div>\n\n\n\n<p style=\"padding-left:20px\">Elmar B\u00fcsing<\/p>\n\n\n\n<div class=\"wp-block-uagb-advanced-heading uagb-block-33df6f32\"><h3 class=\"uagb-heading-text\">Redaktion<\/h3><\/div>\n\n\n\n<p style=\"padding-left:20px\">Michael Bra\u00df<\/p>\n\n\n\n<h3 class=\"wp-block-heading\">Haftung f\u00fcr Inhalte<\/h3>\n\n\n\n<p>F\u00fcr die eigenen Inhalte unserer Seiten sind wir nach den allgemeinen Gesetzen verantwortlich. Verbindliche Ausk\u00fcnfte, Beratungen, Empfehlungen oder Erkl\u00e4rungen erteilen wir ausschlie\u00dflich im Rahmen individueller Kommunikation.<\/p>\n\n\n\n<p>Wir behalten uns vor, unser Angebot jederzeit zu \u00e4ndern, zu erg\u00e4nzen, zu k\u00fcrzen oder auch ganz einzustellen. Wir stehen auch nicht daf\u00fcr ein, dass Inhalte unseres Angebots f\u00fcr den Nutzer und seine Zwecke geeignet sind.<\/p>\n\n\n\n<p>Wir haben auf unseren Seiten Links zu anderen Seiten im Internet gelegt.<\/p>\n\n\n\n<p>F\u00fcr all diese Links gilt:<br>Wir m\u00f6chten ausdr\u00fccklich betonen, dass wir keinerlei Einfluss auf die Gestaltung und die Inhalte der gelinkten Seiten haben. Deshalb distanzieren wir uns hiermit ausdr\u00fccklich von allen Inhalten aller gelinkten Seiten auf unserer Website. Diese Erkl\u00e4rung gilt f\u00fcr alle auf unserer Website ausgebrachten Links und f\u00fcr alle Inhalte der Seiten, zu denen die Links f\u00fchren.<\/p>\n\n\n\n<p>Die vom Heinrich-von-Kleist-Gymnasium (HvK) zur Verf\u00fcgung gestellten Informationen dienen allein Informationszwecken. Der Nutzer kann sich nicht auf die Aktualit\u00e4t, Richtigkeit oder Vollst\u00e4ndigkeit der Informationen berufen oder verlassen. Eine Garantie oder Haftung, insbesondere f\u00fcr direkte oder indirekte Sch\u00e4den, die durch die Nutzung der Informationen auf den&nbsp;HvK-Seiten, entstehen, wird nicht \u00fcbernommen.<\/p>\n\n\n\n<div class=\"wp-block-uagb-advanced-heading uagb-block-49f22875\"><h4 class=\"uagb-heading-text\">Urheberrecht<\/h4><\/div>\n\n\n\n<p>Der Inhalt, die Gestaltung und der Aufbau unseres Angebotes sind urheberrechtlich gesch\u00fctzt und wir behalten uns s\u00e4mtliche Schutzrechte ausdr\u00fccklich vor. Insbesondere bed\u00fcrfen die Vervielf\u00e4ltigung, Bearbeitung, Verbreitung und jede Art der Verwertung der Inhalte unserer schriftlichen Zustimmung, sofern die Ma\u00dfnahme nicht nach gesetzlichen Vorschriften zustimmungsfrei erlaubt ist. Downloads und Kopien dieser Seite sind nun f\u00fcr den privaten, nicht kommerziellen Gebrauch gestattet.<\/p>\n\n\n\n<div class=\"wp-block-uagb-advanced-heading uagb-block-178e1832\"><h4 class=\"uagb-heading-text\">Bildrechtenachweis<\/h4><\/div>\n\n\n\n<p>Sofern nicht speziell gekennzeichnet liegen alle Bildrechte beim Heinrich-von-Kleist-Gymnasium.<\/p>\n<\/div>\n<\/div>\n","protected":false},"excerpt":{"rendered":"<p>Name der Schule: \u2028\u2028Heinrich-von-Kleist-Gymnasium Schulleitung:\u2028\u2028 Michael&nbsp;Bra\u00dfHeinrichstr. 244805 BochumDeutschland Telefon: 0234-89125-0Telefax: 0234-89125-46E-Mail: sekretariat@hvk-bochum.de 1. Diensteanbieter im Sinne des \u00a7 18 Abs. [&hellip;]<\/p>\n","protected":false},"author":1,"featured_media":0,"parent":0,"menu_order":0,"comment_status":"closed","ping_status":"closed","template":"","meta":{"_uag_custom_page_level_css":"","site-sidebar-layout":"default","site-content-layout":"","ast-site-content-layout":"default","site-content-style":"default","site-sidebar-style":"default","ast-global-header-display":"","ast-banner-title-visibility":"","ast-main-header-display":"","ast-hfb-above-header-display":"","ast-hfb-below-header-display":"","ast-hfb-mobile-header-display":"","site-post-title":"","ast-breadcrumbs-content":"","ast-featured-img":"","footer-sml-layout":"","ast-disable-related-posts":"","theme-transparent-header-meta":"","adv-header-id-meta":"","stick-header-meta":"","header-above-stick-meta":"","header-main-stick-meta":"","header-below-stick-meta":"","astra-migrate-meta-layouts":"default","ast-page-background-enabled":"default","ast-page-background-meta":{"desktop":{"background-color":"var(--ast-global-color-4)","background-image":"","background-repeat":"repeat","background-position":"center center","background-size":"auto","background-attachment":"scroll","background-type":"","background-media":"","overlay-type":"","overlay-color":"","overlay-opacity":"","overlay-gradient":""},"tablet":{"background-color":"","background-image":"","background-repeat":"repeat","background-position":"center center","background-size":"auto","background-attachment":"scroll","background-type":"","background-media":"","overlay-type":"","overlay-color":"","overlay-opacity":"","overlay-gradient":""},"mobile":{"background-color":"","background-image":"","background-repeat":"repeat","background-position":"center center","background-size":"auto","background-attachment":"scroll","background-type":"","background-media":"","overlay-type":"","overlay-color":"","overlay-opacity":"","overlay-gradient":""}},"ast-content-background-meta":{"desktop":{"background-color":"var(--ast-global-color-5)","background-image":"","background-repeat":"repeat","background-position":"center center","background-size":"auto","background-attachment":"scroll","background-type":"","background-media":"","overlay-type":"","overlay-color":"","overlay-opacity":"","overlay-gradient":""},"tablet":{"background-color":"var(--ast-global-color-5)","background-image":"","background-repeat":"repeat","background-position":"center center","background-size":"auto","background-attachment":"scroll","background-type":"","background-media":"","overlay-type":"","overlay-color":"","overlay-opacity":"","overlay-gradient":""},"mobile":{"background-color":"var(--ast-global-color-5)","background-image":"","background-repeat":"repeat","background-position":"center center","background-size":"auto","background-attachment":"scroll","background-type":"","background-media":"","overlay-type":"","overlay-color":"","overlay-opacity":"","overlay-gradient":""}},"footnotes":""},"class_list":["post-90","page","type-page","status-publish","hentry"],"yoast_head":"<!-- This site is optimized with the Yoast SEO plugin v27.5 - https:\/\/yoast.com\/product\/yoast-seo-wordpress\/ -->\n<title>Impressum - Heinrich-von-Kleist-Gymnasium<\/title>\n<meta name=\"robots\" content=\"index, follow, max-snippet:-1, max-image-preview:large, max-video-preview:-1\" \/>\n<link rel=\"canonical\" href=\"https:\/\/www.hvk-bo.de\/hvk_neu\/impressum\/\" \/>\n<meta property=\"og:locale\" content=\"de_DE\" \/>\n<meta property=\"og:type\" content=\"article\" \/>\n<meta property=\"og:title\" content=\"Impressum - Heinrich-von-Kleist-Gymnasium\" \/>\n<meta property=\"og:description\" content=\"Name der Schule: \u2028\u2028Heinrich-von-Kleist-Gymnasium Schulleitung:\u2028\u2028 Michael&nbsp;Bra\u00dfHeinrichstr. 244805 BochumDeutschland Telefon: 0234-89125-0Telefax: 0234-89125-46E-Mail: sekretariat@hvk-bochum.de 1. Diensteanbieter im Sinne des \u00a7 18 Abs. [&hellip;]\" \/>\n<meta property=\"og:url\" content=\"https:\/\/www.hvk-bo.de\/hvk_neu\/impressum\/\" \/>\n<meta property=\"og:site_name\" content=\"Heinrich-von-Kleist-Gymnasium\" \/>\n<meta property=\"article:modified_time\" content=\"2025-05-06T07:23:05+00:00\" \/>\n<meta name=\"twitter:card\" content=\"summary_large_image\" \/>\n<meta name=\"twitter:label1\" content=\"Gesch\u00e4tzte Lesezeit\" \/>\n\t<meta name=\"twitter:data1\" content=\"2\u00a0Minuten\" \/>\n<script type=\"application\/ld+json\" class=\"yoast-schema-graph\">{\"@context\":\"https:\\\/\\\/schema.org\",\"@graph\":[{\"@type\":\"WebPage\",\"@id\":\"https:\\\/\\\/www.hvk-bo.de\\\/hvk_neu\\\/impressum\\\/\",\"url\":\"https:\\\/\\\/www.hvk-bo.de\\\/hvk_neu\\\/impressum\\\/\",\"name\":\"Impressum - Heinrich-von-Kleist-Gymnasium\",\"isPartOf\":{\"@id\":\"https:\\\/\\\/www.hvk-bo.de\\\/hvk_neu\\\/#website\"},\"datePublished\":\"2024-04-22T13:28:38+00:00\",\"dateModified\":\"2025-05-06T07:23:05+00:00\",\"breadcrumb\":{\"@id\":\"https:\\\/\\\/www.hvk-bo.de\\\/hvk_neu\\\/impressum\\\/#breadcrumb\"},\"inLanguage\":\"de\",\"potentialAction\":[{\"@type\":\"ReadAction\",\"target\":[\"https:\\\/\\\/www.hvk-bo.de\\\/hvk_neu\\\/impressum\\\/\"]}]},{\"@type\":\"BreadcrumbList\",\"@id\":\"https:\\\/\\\/www.hvk-bo.de\\\/hvk_neu\\\/impressum\\\/#breadcrumb\",\"itemListElement\":[{\"@type\":\"ListItem\",\"position\":1,\"name\":\"Startseite\",\"item\":\"https:\\\/\\\/www.hvk-bo.de\\\/hvk_neu\\\/\"},{\"@type\":\"ListItem\",\"position\":2,\"name\":\"Impressum\"}]},{\"@type\":\"WebSite\",\"@id\":\"https:\\\/\\\/www.hvk-bo.de\\\/hvk_neu\\\/#website\",\"url\":\"https:\\\/\\\/www.hvk-bo.de\\\/hvk_neu\\\/\",\"name\":\"Heinrich-von-Kleist-Gymnasium\",\"description\":\"Ganztagsgymnasium\",\"publisher\":{\"@id\":\"https:\\\/\\\/www.hvk-bo.de\\\/hvk_neu\\\/#organization\"},\"alternateName\":\"HvK Bochum\",\"potentialAction\":[{\"@type\":\"SearchAction\",\"target\":{\"@type\":\"EntryPoint\",\"urlTemplate\":\"https:\\\/\\\/www.hvk-bo.de\\\/hvk_neu\\\/?s={search_term_string}\"},\"query-input\":{\"@type\":\"PropertyValueSpecification\",\"valueRequired\":true,\"valueName\":\"search_term_string\"}}],\"inLanguage\":\"de\"},{\"@type\":\"Organization\",\"@id\":\"https:\\\/\\\/www.hvk-bo.de\\\/hvk_neu\\\/#organization\",\"name\":\"Heinrich-von-Kleist-Gymnasium\",\"alternateName\":\"HvK Bochum\",\"url\":\"https:\\\/\\\/www.hvk-bo.de\\\/hvk_neu\\\/\",\"logo\":{\"@type\":\"ImageObject\",\"inLanguage\":\"de\",\"@id\":\"https:\\\/\\\/www.hvk-bo.de\\\/hvk_neu\\\/#\\\/schema\\\/logo\\\/image\\\/\",\"url\":\"https:\\\/\\\/www.hvk-bo.de\\\/hvk_neu\\\/wp-content\\\/uploads\\\/2024\\\/06\\\/HvK_Logo_klein.png\",\"contentUrl\":\"https:\\\/\\\/www.hvk-bo.de\\\/hvk_neu\\\/wp-content\\\/uploads\\\/2024\\\/06\\\/HvK_Logo_klein.png\",\"width\":512,\"height\":512,\"caption\":\"Heinrich-von-Kleist-Gymnasium\"},\"image\":{\"@id\":\"https:\\\/\\\/www.hvk-bo.de\\\/hvk_neu\\\/#\\\/schema\\\/logo\\\/image\\\/\"}}]}<\/script>\n<!-- \/ Yoast SEO plugin. -->","yoast_head_json":{"title":"Impressum - Heinrich-von-Kleist-Gymnasium","robots":{"index":"index","follow":"follow","max-snippet":"max-snippet:-1","max-image-preview":"max-image-preview:large","max-video-preview":"max-video-preview:-1"},"canonical":"https:\/\/www.hvk-bo.de\/hvk_neu\/impressum\/","og_locale":"de_DE","og_type":"article","og_title":"Impressum - Heinrich-von-Kleist-Gymnasium","og_description":"Name der Schule: \u2028\u2028Heinrich-von-Kleist-Gymnasium Schulleitung:\u2028\u2028 Michael&nbsp;Bra\u00dfHeinrichstr. 244805 BochumDeutschland Telefon: 0234-89125-0Telefax: 0234-89125-46E-Mail: sekretariat@hvk-bochum.de 1. Diensteanbieter im Sinne des \u00a7 18 Abs. [&hellip;]","og_url":"https:\/\/www.hvk-bo.de\/hvk_neu\/impressum\/","og_site_name":"Heinrich-von-Kleist-Gymnasium","article_modified_time":"2025-05-06T07:23:05+00:00","twitter_card":"summary_large_image","twitter_misc":{"Gesch\u00e4tzte Lesezeit":"2\u00a0Minuten"},"schema":{"@context":"https:\/\/schema.org","@graph":[{"@type":"WebPage","@id":"https:\/\/www.hvk-bo.de\/hvk_neu\/impressum\/","url":"https:\/\/www.hvk-bo.de\/hvk_neu\/impressum\/","name":"Impressum - Heinrich-von-Kleist-Gymnasium","isPartOf":{"@id":"https:\/\/www.hvk-bo.de\/hvk_neu\/#website"},"datePublished":"2024-04-22T13:28:38+00:00","dateModified":"2025-05-06T07:23:05+00:00","breadcrumb":{"@id":"https:\/\/www.hvk-bo.de\/hvk_neu\/impressum\/#breadcrumb"},"inLanguage":"de","potentialAction":[{"@type":"ReadAction","target":["https:\/\/www.hvk-bo.de\/hvk_neu\/impressum\/"]}]},{"@type":"BreadcrumbList","@id":"https:\/\/www.hvk-bo.de\/hvk_neu\/impressum\/#breadcrumb","itemListElement":[{"@type":"ListItem","position":1,"name":"Startseite","item":"https:\/\/www.hvk-bo.de\/hvk_neu\/"},{"@type":"ListItem","position":2,"name":"Impressum"}]},{"@type":"WebSite","@id":"https:\/\/www.hvk-bo.de\/hvk_neu\/#website","url":"https:\/\/www.hvk-bo.de\/hvk_neu\/","name":"Heinrich-von-Kleist-Gymnasium","description":"Ganztagsgymnasium","publisher":{"@id":"https:\/\/www.hvk-bo.de\/hvk_neu\/#organization"},"alternateName":"HvK Bochum","potentialAction":[{"@type":"SearchAction","target":{"@type":"EntryPoint","urlTemplate":"https:\/\/www.hvk-bo.de\/hvk_neu\/?s={search_term_string}"},"query-input":{"@type":"PropertyValueSpecification","valueRequired":true,"valueName":"search_term_string"}}],"inLanguage":"de"},{"@type":"Organization","@id":"https:\/\/www.hvk-bo.de\/hvk_neu\/#organization","name":"Heinrich-von-Kleist-Gymnasium","alternateName":"HvK Bochum","url":"https:\/\/www.hvk-bo.de\/hvk_neu\/","logo":{"@type":"ImageObject","inLanguage":"de","@id":"https:\/\/www.hvk-bo.de\/hvk_neu\/#\/schema\/logo\/image\/","url":"https:\/\/www.hvk-bo.de\/hvk_neu\/wp-content\/uploads\/2024\/06\/HvK_Logo_klein.png","contentUrl":"https:\/\/www.hvk-bo.de\/hvk_neu\/wp-content\/uploads\/2024\/06\/HvK_Logo_klein.png","width":512,"height":512,"caption":"Heinrich-von-Kleist-Gymnasium"},"image":{"@id":"https:\/\/www.hvk-bo.de\/hvk_neu\/#\/schema\/logo\/image\/"}}]}},"uagb_featured_image_src":{"full":false,"thumbnail":false,"medium":false,"medium_large":false,"large":false,"1536x1536":false,"2048x2048":false},"uagb_author_info":{"display_name":"Elmar B\u00fcsing","author_link":"https:\/\/www.hvk-bo.de\/hvk_neu\/author\/elmarmusterschule\/"},"uagb_comment_info":0,"uagb_excerpt":"Name der Schule: \u2028\u2028Heinrich-von-Kleist-Gymnasium Schulleitung:\u2028\u2028 Michael&nbsp;Bra\u00dfHeinrichstr. 244805 BochumDeutschland Telefon: 0234-89125-0Telefax: 0234-89125-46E-Mail: sekretariat@hvk-bochum.de 1. Diensteanbieter im Sinne des \u00a7 18 Abs. [&hellip;]","_links":{"self":[{"href":"https:\/\/www.hvk-bo.de\/hvk_neu\/wp-json\/wp\/v2\/pages\/90","targetHints":{"allow":["GET"]}}],"collection":[{"href":"https:\/\/www.hvk-bo.de\/hvk_neu\/wp-json\/wp\/v2\/pages"}],"about":[{"href":"https:\/\/www.hvk-bo.de\/hvk_neu\/wp-json\/wp\/v2\/types\/page"}],"author":[{"embeddable":true,"href":"https:\/\/www.hvk-bo.de\/hvk_neu\/wp-json\/wp\/v2\/users\/1"}],"replies":[{"embeddable":true,"href":"https:\/\/www.hvk-bo.de\/hvk_neu\/wp-json\/wp\/v2\/comments?post=90"}],"version-history":[{"count":2,"href":"https:\/\/www.hvk-bo.de\/hvk_neu\/wp-json\/wp\/v2\/pages\/90\/revisions"}],"predecessor-version":[{"id":3516,"href":"https:\/\/www.hvk-bo.de\/hvk_neu\/wp-json\/wp\/v2\/pages\/90\/revisions\/3516"}],"wp:attachment":[{"href":"https:\/\/www.hvk-bo.de\/hvk_neu\/wp-json\/wp\/v2\/media?parent=90"}],"curies":[{"name":"wp","href":"https:\/\/api.w.org\/{rel}","templated":true}]}}